70.
18
What is the remainder when 216629 is divided by 380?
29
What is the remainder when 2834169 is divided by 35?
9
What is the remainder when 10009005 is divided by 81?
78
Calculate the remainder when 52353493 is divided by 4159.
1
Calculate the remainder when 211849 is divided by 8462.
299
Calculate the remainder when 7402411 is divided by 609.
16
What is the remainder when 159994448 is divided by 2030?
2028
What is the remainder when 43906638 is divided by 61?
58
Calculate the remainder when 3890112 is divided by 4233.
4218
What is the remainder when 11589421 is divided by 1931552?
109
Calculate the remainder when 899799 is divided by 44.
43
Calculate the remainder when 18933641 is divided by 6311212.
5
What is the remainder when 19641492 is divided by 20567?
7
What is the remainder when 59076561 is divided by 204?
201
Calculate the remainder when 1028417 is divided by 64272.
65
What is the remainder when 31824 is divided by 314?
110
What is the remainder when 154263 is divided by 4048?
439
Calculate the remainder when 1291625 is divided by 26.
23
What is the remainder when 363791 is divided by 779?
777
Calculate the remainder when 11710010 is divided by 16.
10
What is the remainder when 171357815 is divided by 47?
45
Calculate the remainder when 3352178 is divided by 106.
34
Calculate the remainder when 815859 is divided by 1985.
24
What is the remainder when 255594 is divided by 1574?
606
What is the remainder when 27692 is divided by 27541?
151
What is the remainder when 9862305 is divided by 3287419?
48
Calculate the remainder when 44055 is divided by 398.
275
Calculate the remainder when 76081 is divided by 15211.
26
Calculate the remainder when 174229969 is divided by 9.
4
Calculate the remainder when 119051824 is divided by 263973.
1
Calculate the remainder when 8229648 is divided by 919.
3
What is the remainder when 964770 is divided by 303?
18
Calculate the remainder when 45295 is divided by 2152.
103
Calculate the remainder when 372590 is divided by 2410.
1450
What is the remainder when 2365618 is divided by 2?
0
What is the remainder when 1833017 is divided by 610924?
245
What is the remainder when 180331 is divided by 6367?
2055
What is the remainder when 22017 is divided by 138?
75
Calculate the remainder when 65985 is divided by 16463.
133
Calculate the remainder when 10003923 is divided by 1000379.
133
What is the remainder when 2986992 is divided by 1055?
287
What is the remainder when 5464186 is divided by 3262?
336
What is the remainder when 1266061 is divided by 9?
4
What is the remainder when 1162079 is divided by 686?
681
What is the remainder when 118343 is divided by 1280?
583
Calculate the remainder when 19666542 is divided by 30.
12
Calculate the remainder when 8252660 is divided by 174.
14
What is the remainder when 16867133 is divided by 176?
173
Calculate the remainder when 434961 is divided by 20712.
9
What is the remainder when 6123641 is divided by 31?
25
Calculate the remainder when 123133 is divided by 20499.
139
Calculate the remainder when 13978 is divided by 431.
186
Calculate the remainder when 720619 is divided by 240191.
46
What is the remainder when 903753 is divided by 727?
92
What is the remainder when 275448 is divided by 34293?
1104
What is the remainder when 378718 is divided by 1567?
1071
What is the remainder when 14469608 is divided by 2067086?
6
Calculate the remainder when 2714308 is divided by 2.
0
Calculate the remainder when 1415285 is divided by 30763.
187
Calculate the remainder when 4799580 is divided by 45.
15
What is the remainder when 66082 is divided by 5499?
94
What is the remainder when 600493 is divided by 802?
597
What is the remainder when 8911904 is divided by 2344?
16
What is the remainder when 15206944 is divided by 78?
64
What is the remainder when 33126 is divided by 11028?
42
Calculate the remainder when 76356 is divided by 4552.
3524
Calculate the remainder when 167889280 is divided by 2936.
2928
Calculate the remainder when 816758 is divided by 104.
46
What is the remainder when 2818083 is divided by 1208?
1027
What is the remainder when 55059 is divided by 51442?
3617
Calculate the remainder when 20841734 is divided by 123.
122
What is the remainder when 74099 is divided by 14683?
684
What is the remainder when 4235011 is divided by 9918?
25
What is the remainder when 98949 is divided by 212?
157
Calculate the remainder when 235308 is divided by 371.
94
What is the remainder when 1279484 is divided by 213?
206
Calculate the remainder when 854197 is divided by 1874.
1527
What is the remainder when 9356724 is divided by 841?
599
What is the remainder when 146350 is divided by 1441?
809
Calculate the remainder when 571515095 is divided by 5698.
5695
What is the remainder when 5159011 is divided by 10907?
0
Calculate the remainder when 358153 is divided by 90.
43
Calculate the remainder when 752419 is divided by 751909.
510
Calculate the remainder when 6058651 is divided by 386.
381
Calculate the remainder when 11183626 is divided by 1340.
1326
What is the remainder when 38558473 is divided by 33?
19
Calculate the remainder when 3811203 is divided by 2519.
2475
What is the remainder when 151488 is divided by 75680?
128
Calculate the remainder when 254082 is divided by 87.
42
Calculate the remainder when 8376 is divided by 2671.
363
What is the remainder when 2713753 is divided by 354?
343
What is the remainder when 4729126 is divided by 4729118?
8
Calculate the remainder when 6166322 is divided by 1319.
1316
Calculate the remainder when 5920 is divided by 990.
970
Calculate the remainder when 1942817 is divided by 77711.
42
What is the remainder when 99003446 is divided by 213?
194
What is the remainder when 110453718 is divided by 87?
84
Calculate the remainder when 1757139 is divided by 33.
21
Calculate the remainder when 568701 is divided by 4.
1
Calculate the remainder when 18360 is divided by 13391.
4969
What is the remainder when 1564398 is divided by 521464?
6
What is the remainder when 136890 is divided by 212?
150
Calculate the remainder when 1127866 is divided by 187976.
10
What is the remainder when 51203 is divided by 1827?
47
Calculate the remainder when 6954118 is divided by 1583.
1582
What is the remainder when 2712228 is divided by 14?
8
What is the remainder when 5078699 is divided by 1269669?
23
Calculate the remainder when 8368 is divided by 3380.
1608
What is the remainder when 40114699 is divided by 1991?
31
What is the remainder when 13229947 is divided by 50?
47
Calculate the remainder when 733651 is divided by 244519.
94
Calculate the remainder when 1357532 is divided by 109.
46
Calculate the remainder when 630441 is divided by 2658.
495
What is the remainder when 44677871 is divided by 19266?
17
What is the remainder when 1921 is divided by 178?
141
Calculate the remainder when 33148679 is divided by 8287165.
19
Calculate the remainder when 4825126 is divided by 283822.
152
What is the remainder when 468661 is divided by 468648?
13
Calculate the remainder when 8365736 is divided by 65.
41
What is the remainder when 328629 is divided by 2135?
1974
Calculate the remainder when 22471624 is divided by 11235804.
16
Calculate the remainder when 2431836 is divided by 585.
576
What is the remainder when 24481899 is divided by 94891?
21
What is the remainder when 59470 is divided by 4013?
3288
Calculate the remainder when 119115 is divided by 539.
535
Calculate the remainder when 48625 is divided by 46880.
1745
What is the remainder when 9695437 is divided by 422?
409
What is the remainder when 672520029 is divided by 34?
29
Calculate the remainder when 100500 is divided by 3769.
2506
Calculate the remainder when 2116785 is divided by 36496.
17
What is the remainder when 7227 is divided by 6577?
650
Calculate the remainder when 401015 is divided by 834.
695
What is the remainder when 1107987 is divided by 922?
665
What is the remainder when 9064936 is divided by 54?
10
Calculate the remainder when 355023 is divided by 5864.
3183
Calculate the remainder when 1958788 is divided by 3185.
13
Calculate the remainder when 560067 is divided by 188.
15
What is the remainder when 22836796 is divided by 2076071?
15
Calculate the remainder when 14681001 is div